emainder when 46163 is divided by 62?
35
Calculate the remainder when 10797 is divided by 568.
5
What is the remainder when 2629 is divided by 25?
4
What is the remainder when 26751 is divided by 74?
37
What is the remainder when 3048 is divided by 10?
8
What is the remainder when 13186 is divided by 247?
95
What is the remainder when 904747 is divided by 25?
22
Calculate the remainder when 212 is divided by 76.
60
What is the remainder when 17877 is divided by 235?
17
Calculate the remainder when 652366 is divided by 6.
4
What is the remainder when 2678 is divided by 1252?
174
Calculate the remainder when 30173 is divided by 16.
13
Calculate the remainder when 173698 is divided by 3.
1
Calculate the remainder when 3474 is divided by 39.
3
Calculate the remainder when 5517 is divided by 5484.
33
What is the remainder when 179791 is divided by 68?
67
What is the remainder when 100641 is divided by 182?
177
What is the remainder when 8783 is divided by 2493?
1304
What is the remainder when 45575 is divided by 6?
5
What is the remainder when 3967 is divided by 294?
145
What is the remainder when 1202 is divided by 432?
338
Calculate the remainder when 219571 is divided by 9.
7
Calculate the remainder when 46162 is divided by 57.
49
Calculate the remainder when 288077 is divided by 21.
20
Calculate the remainder when 23992 is divided by 57.
52
Calculate the remainder when 1227854 is divided by 69.
68
Calculate the remainder when 167788 is divided by 329.
327
Calculate the remainder when 24654 is divided by 59.
51
What is the remainder when 15005 is divided by 122?
121
Calculate the remainder when 4727 is divided by 45.
2
What is the remainder when 7450 is divided by 29?
26
What is the remainder when 2718 is divided by 2341?
377
What is the remainder when 27476 is divided by 265?
181
Calculate the remainder when 1361 is divided by 1347.
14
Calculate the remainder when 37555 is divided by 2503.
10
Calculate the remainder when 3472 is divided by 49.
42
Calculate the remainder when 20192 is divided by 374.
370
What is the remainder when 1797 is divided by 232?
173
Calculate the remainder when 47727 is divided by 23860.
7
What is the remainder when 65195 is divided by 82?
5
Calculate the remainder when 233 is divided by 6.
5
Calculate the remainder when 9737 is divided by 103.
55
What is the remainder when 97259 is divided by 19448?
19
What is the remainder when 67173 is divided by 33585?
3
What is the remainder when 362490 is divided by 120805?
75
What is the remainder when 273334 is divided by 86?
26
What is the remainder when 13849 is divided by 243?
241
What is the remainder when 235150 is divided by 60?
10
What is the remainder when 84620 is divided by 7691?
19
Calculate the remainder when 167700 is divided by 16767.
30
What is the remainder when 106312 is divided by 818?
790
Calculate the remainder when 351282 is divided by 23418.
12
Calculate the remainder when 71337 is divided by 10172.
133
Calculate the remainder when 94942 is divided by 276.
274
Calculate the remainder when 4362 is divided by 206.
36
What is the remainder when 554667 is divided by 101?
76
Calculate the remainder when 2239 is divided by 218.
59
Calculate the remainder when 102722 is divided by 39.
35
Calculate the remainder when 21684 is divided by 143.
91
Calculate the remainder when 4717847 is divided by 24.
23
What is the remainder when 3586 is divided by 92?
90
What is the remainder when 19213 is divided by 417?
31
What is the remainder when 32643 is divided by 286?
39
What is the remainder when 28176 is divided by 11?
5
What is the remainder when 3988 is divided by 685?
563
What is the remainder when 252680 is divided by 429?
428
Calculate the remainder when 30836 is divided by 30820.
16
What is the remainder when 67604 is divided by 138?
122
Calculate the remainder when 9221 is divided by 22.
3
Calculate the remainder when 40523 is divided by 962.
119
Calculate the remainder when 7167 is divided by 194.
183
Calculate the remainder when 201473 is divided by 183.
173
Calculate the remainder when 1496 is divided by 234.
92
What is the remainder when 902 is divided by 433?
36
What is the remainder when 33814 is divided by 493?
290
What is the remainder when 8279 is divided by 4131?
17
Calculate the remainder when 2395 is divided by 595.
15
Calculate the remainder when 1299 is divided by 97.
38
Calculate the remainder when 397 is divided by 92.
29
What is the remainder when 44940 is divided by 5?
0
Calculate the remainder when 853629 is divided by 741.
738
Calculate the remainder when 2543850 is divided by 1538.
1536
Calculate the remainder when 16021 is divided by 942.
7
What is the remainder when 207381 is divided by 450?
381
What is the remainder when 84263 is divided by 1297?
1255
What is the remainder when 347283 is divided by 755?
738
What is the remainder when 4269 is divided by 4249?
20
What is the remainder when 3612 is divided by 3447?
165
What is the remainder when 21948 is divided by 3131?
31
What is the remainder when 1805941 is divided by 642?
637
Calculate the remainder when 2304 is divided by 1107.
90
What is the remainder when 6534858 is divided by 58?
56
Calculate the remainder when 89983 is divided by 29838.
469
What is the remainder when 308008 is divided by 153999?
10
What is the remainder when 943910 is divided by 29497?
6
What is the remainder when 37309 is divided by 778?
743
What is the remainder when 39084 is divided by 4294?
438
What is the remainder when 64834 is divided by 47?
21
What is the remainder when 3007 is divided by 1032?
943
What is the remainder when 941056 is divided by 999?
997
Calculate the remainder when 339196 is divided by 265.
261
What is the remainder when 92892 is divided by 683?
4
Calculate the remainder when 3290 is divided by 363.
23
Calculate the remainder when 113010 is divided by 261.
258
Calculate the remainder when 1222004 is divided by 382.
368
Calculate the remainder when 66836 is divided by 13366.
6
What is the remainder when 638 is divided by 455?
183
What is the remainder when 25159 is divided by 5008?
119
Calculate the remainder when 21543 is divided by 308.
291
What is the remainder when 146848 is divided by 22?
20
What is the remainder when 3234 is divided by 202?
2
What is the remainder when 2310 is divided by 47?
7
What is the remainder when 41884 is divided by 70?
24
Calculate the remainder when 15637 is divided by 1712.
229
What is the remainder when 19175 is divided by 70?
65
What is the remainder when 43029 is divided by 11?
8
What is the remainder when 9488 is divided by 1522?
356
Calculate the remainder when 7235 is divided by 64.
3
Calculate the remainder when 7723 is divided by 69.
64
Calculate the remainder when 2706093 is divided by 1003.
1002
What is the remainder when 2006 is divided by 993?
20
What is the remainder when 50702 is divided by 110?
102
What is the remainder when 2205 is divided by 442?
437
Calculate the remainder when 4218 is divided by 105.
18
What is the remainder when 161332 is divided by 53761?
49
Calculate the remainder when 161 is divided by 46.
23
Calculate the remainder when 247645 is divided by 872.
869
What is the remainder when 97633 is divided by 22?
19
Calculate the remainder when 1251 is divided by 8.
3
Calculate the remainder when 36430 is divided by 99.
97
What is the remainder when 24272 is divided by 8044?
140
What is the remainder when 67658 is divided by 148?
22
Calculate the remainder when 67 is divided by 56.
11
Calculate the remainder when 26270 is divided by 8744.
38
Calculate the remainder when 1315871 is divided by 2175.
2171
Calculate the remainder when 32046 is divided by 88.
14
What is the remainder when 579 is divided by 498?
81
What is the remainder when 823 is divided by 436?
387
Calculate the remainder when 173159 is divided by 65.
64
What is the remainder when 13619 is divided by 1702?
3
Calculate the remainder when 149265 is divided by 37316.
1
What is the remainder when 24511 is divided by 3499?
18
Calculate the remainder when 200655 is divided by 15.
0
Calculate the remainder when 1187 is divided by 253.
175
Calculate the remainder when 1047 is divided by 261.
3
What is the remainder when 3154 is divided by 3139?
15
What is the remainder when 